{"id":133,"date":"2026-04-30T07:33:28","date_gmt":"2026-04-30T07:33:28","guid":{"rendered":"https:\/\/industria.com.tr\/?page_id=133"},"modified":"2026-04-30T10:53:46","modified_gmt":"2026-04-30T10:53:46","slug":"iletisim","status":"publish","type":"page","link":"https:\/\/industria.com.tr\/?page_id=133","title":{"rendered":"iletisim"},"content":{"rendered":"\t\t<div data-elementor-type=\"wp-page\" data-elementor-id=\"133\" class=\"elementor elementor-133\">\n\t\t\t\t<div class=\"elementor-element elementor-element-ec4b631 e-con-full e-flex e-con e-parent\" data-id=\"ec4b631\" data-element_type=\"container\" data-e-type=\"container\" data-settings=\"{&quot;background_background&quot;:&quot;classic&quot;}\">\n\t\t\t\t<div class=\"elementor-element elementor-element-1a35c094 elementor-widget__width-initial elementor-invisible elementor-widget elementor-widget-image\" data-id=\"1a35c094\" data-element_type=\"widget\" data-e-type=\"widget\" data-settings=\"{&quot;_animation&quot;:&quot;fadeInDown&quot;,&quot;_animation_delay&quot;:300}\" data-widget_type=\"image.default\">\n\t\t\t\t\t\t\t\t\t\t\t\t\t\t\t<img fetchpriority=\"high\" decoding=\"async\" width=\"300\" height=\"300\" src=\"https:\/\/industria.com.tr\/wp-content\/uploads\/2026\/04\/BG-1.png\" class=\"attachment-full size-full wp-image-12\" alt=\"\" srcset=\"https:\/\/industria.com.tr\/wp-content\/uploads\/2026\/04\/BG-1.png 300w, https:\/\/industria.com.tr\/wp-content\/uploads\/2026\/04\/BG-1-150x150.png 150w\" sizes=\"(max-width: 300px) 100vw, 300px\" \/>\t\t\t\t\t\t\t\t\t\t\t\t\t\t\t<\/div>\n\t\t\t\t<div class=\"elementor-element elementor-element-56c1b84c elementor-invisible elementor-widget elementor-widget-heading\" data-id=\"56c1b84c\" data-element_type=\"widget\" data-e-type=\"widget\" data-settings=\"{&quot;_animation&quot;:&quot;fadeInUp&quot;}\" data-widget_type=\"heading.default\">\n\t\t\t\t\t<h2 class=\"elementor-heading-title elementor-size-default\">\u0130leti\u015fim<\/h2>\t\t\t\t<\/div>\n\t\t\t\t<div class=\"elementor-element elementor-element-71bd1547 elementor-invisible elementor-widget elementor-widget-text-editor\" data-id=\"71bd1547\" data-element_type=\"widget\" data-e-type=\"widget\" data-settings=\"{&quot;_animation&quot;:&quot;fadeInUp&quot;}\" data-widget_type=\"text-editor.default\">\n\t\t\t\t\t\t\t\t\t<p>Ana syfa \/ \u0130leti\u015fime Ge\u00e7iniz<\/p>\t\t\t\t\t\t\t\t<\/div>\n\t\t\t\t<\/div>\n\t\t<div class=\"elementor-element elementor-element-77fd73f e-flex e-con-boxed e-con e-parent\" data-id=\"77fd73f\" data-element_type=\"container\" data-e-type=\"container\">\n\t\t\t\t\t<div class=\"e-con-inner\">\n\t\t<div class=\"elementor-element elementor-element-66904dc e-con-full e-flex e-con e-child\" data-id=\"66904dc\" data-element_type=\"container\" data-e-type=\"container\">\n\t\t\t\t<div class=\"elementor-element elementor-element-3956be9 elementor-widget elementor-widget-google_maps\" data-id=\"3956be9\" data-element_type=\"widget\" data-e-type=\"widget\" data-widget_type=\"google_maps.default\">\n\t\t\t\t\t\t\t<div class=\"elementor-custom-embed\">\n\t\t\t<iframe loading=\"lazy\"\n\t\t\t\t\tsrc=\"https:\/\/maps.google.com\/maps?q=Cevizli%20Mah.%20Zuhal%20Cad.%20Ritim%20%C4%B0stanbul%20Sitesi%20A5%20Blok%20No%3A46E%2F179%20P.K.%2034846%2C%20Maltepe%2C%20%C4%B0stanbul%2C%20T%C3%BCrkiye&#038;t=m&#038;z=10&#038;output=embed&#038;iwloc=near\"\n\t\t\t\t\ttitle=\"Cevizli Mah. Zuhal Cad. Ritim \u0130stanbul Sitesi A5 Blok No:46E\/179 P.K. 34846, Maltepe, \u0130stanbul, T\u00fcrkiye\"\n\t\t\t\t\taria-label=\"Cevizli Mah. Zuhal Cad. Ritim \u0130stanbul Sitesi A5 Blok No:46E\/179 P.K. 34846, Maltepe, \u0130stanbul, T\u00fcrkiye\"\n\t\t\t><\/iframe>\n\t\t<\/div>\n\t\t\t\t\t\t<\/div>\n\t\t\t\t<div class=\"elementor-element elementor-element-e064b9e elementor-widget elementor-widget-heading\" data-id=\"e064b9e\" data-element_type=\"widget\" data-e-type=\"widget\" data-widget_type=\"heading.default\">\n\t\t\t\t\t<h4 class=\"elementor-heading-title elementor-size-default\">Follow us on<\/h4>\t\t\t\t<\/div>\n\t\t\t\t<div class=\"elementor-element elementor-element-6bc9513 elementor-widget elementor-widget-elementskit-social-share\" data-id=\"6bc9513\" data-element_type=\"widget\" data-e-type=\"widget\" data-widget_type=\"elementskit-social-share.default\">\n\t\t\t\t<div class=\"elementor-widget-container\">\n\t\t\t\t\t<div class=\"ekit-wid-con\" >\t\t<ul class=\"ekit_socialshare\">\n                            <li class=\"elementor-repeater-item-c502f05\" data-social=\"linkedin\">\n                    <div class=\"linkedin\">\n                        \n                        <i aria-hidden=\"true\" class=\" social_linkedin_square\"><\/i>                        \n                                                                                                INDUSTRIA LinkedIn                                                                                            <\/div>\n                <\/li>\n                                            <li class=\"elementor-repeater-item-eee2daa\" data-social=\"linkedin\">\n                    <div class=\"linkedin\">\n                        \n                        <i aria-hidden=\"true\" class=\" social_linkedin_square\"><\/i>                        \n                                                                                                PRIVEXPO Linkedin                                                                                            <\/div>\n                <\/li>\n                                    <\/ul>\n        <\/div>\t\t\t\t<\/div>\n\t\t\t\t<\/div>\n\t\t\t\t<\/div>\n\t\t<div class=\"elementor-element elementor-element-ba0395f e-con-full e-flex e-con e-child\" data-id=\"ba0395f\" data-element_type=\"container\" data-e-type=\"container\">\n\t\t<div class=\"elementor-element elementor-element-e052011 e-con-full e-flex e-con e-child\" data-id=\"e052011\" data-element_type=\"container\" data-e-type=\"container\" data-settings=\"{&quot;background_background&quot;:&quot;classic&quot;}\">\n\t\t\t\t<div class=\"elementor-element elementor-element-de5f6f8 elementor-widget__width-inherit elementor-widget elementor-widget-heading\" data-id=\"de5f6f8\" data-element_type=\"widget\" data-e-type=\"widget\" data-widget_type=\"heading.default\">\n\t\t\t\t\t<h4 class=\"elementor-heading-title elementor-size-default\">Call us for all your questions today.<\/h4>\t\t\t\t<\/div>\n\t\t\t\t<div class=\"elementor-element elementor-element-4b120ce elementor-widget__width-initial elementor-widget-mobile__width-inherit elementor-widget elementor-widget-text\" data-id=\"4b120ce\" data-element_type=\"widget\" data-e-type=\"widget\" data-widget_type=\"text.default\">\n\t\t\t\t<div class=\"elementor-widget-container\">\n\t\t\t\t\t        <div class=\"rform-container\">\r\n            <div class=\"rform-control \">\r\n                                <input name=\"rform-text\" placeholder=\"Ad soyad\" class=\"rform-input\" id=\"rform-input-text-78717134\" type=\"text\" onblur=\"validate_input( 'rform-input-text-' , 'rform-input-err-' ,'78717134')\" aria-invalid=false data-val=\"by_char\"   required>\r\n            <\/div>\r\n            <span role=\"alert\" class=\"rform-error\" id=\"rform-input-err-78717134\">This field is required<\/span>\r\n            <div class=\"rform-help-text\">\r\n                <span><\/span>\r\n            <\/div>\r\n        <\/div>\r\n\t\t\t\t<\/div>\n\t\t\t\t<\/div>\n\t\t\t\t<div class=\"elementor-element elementor-element-d7db58f elementor-widget__width-initial elementor-widget-mobile__width-inherit elementor-widget elementor-widget-email\" data-id=\"d7db58f\" data-element_type=\"widget\" data-e-type=\"widget\" data-widget_type=\"email.default\">\n\t\t\t\t<div class=\"elementor-widget-container\">\n\t\t\t\t\t        <div class=\"rform-container\">\r\n            <div class=\"rform-control \">\r\n                                <input name=\"rform-email\" placeholder=\"Email\" class=\"rform-input\" id=\"rform-input-email-226342287\" type=\"email\" onblur=\"validate_input( 'rform-input-email-' , 'rform-input-err-' ,'226342287')\" aria-invalid=false data-val=\"by_char\"   required>\r\n            <\/div>\r\n            <span role=\"alert\" class=\"rform-error\" id=\"rform-input-err-226342287\">This field is required<\/span>\r\n            <div class=\"rform-help-text\">\r\n                <span><\/span>\r\n            <\/div>\r\n        <\/div>\r\n\t\t\t\t<\/div>\n\t\t\t\t<\/div>\n\t\t\t\t<div class=\"elementor-element elementor-element-a0a70c7 elementor-widget__width-initial elementor-widget elementor-widget-rform_phone\" data-id=\"a0a70c7\" data-element_type=\"widget\" data-e-type=\"widget\" data-widget_type=\"rform_phone.default\">\n\t\t\t\t<div class=\"elementor-widget-container\">\n\t\t\t\t\t        <div class=\"rform-container\">\r\n            <div class=\"rform-control \">\r\n                                <input data-default-countries=\"TR\" name=\"rform-phone\" placeholder=\"523-456-7890\" class=\"rform-input-tel\" id=\"rform-input-tel-168456391\" type=\"tel\" onblur=\"validate_input( 'rform-input-tel-' , 'rform-input-err-' ,'168456391')\" aria-invalid=false required oninput=\"this.value = this.value.replace(\/[^0-9.]\/g, '').replace(\/(\\..*?)\\..*\/g, '$1');\">\r\n            <\/div>\r\n            <span role=\"alert\" class=\"rform-error\" id=\"rform-input-err-168456391\">This field is required<\/span>\r\n            <div class=\"rform-help-text\">\r\n                <span><\/span>\r\n            <\/div>\r\n        <\/div>\r\n\t\t\t\t<\/div>\n\t\t\t\t<\/div>\n\t\t\t\t<div class=\"elementor-element elementor-element-aa2d13a elementor-widget__width-inherit elementor-widget elementor-widget-text\" data-id=\"aa2d13a\" data-element_type=\"widget\" data-e-type=\"widget\" data-widget_type=\"text.default\">\n\t\t\t\t<div class=\"elementor-widget-container\">\n\t\t\t\t\t        <div class=\"rform-container\">\r\n            <div class=\"rform-control \">\r\n                                <input name=\"rform-text\" placeholder=\"Subject\" class=\"rform-input\" id=\"rform-input-text-178442554\" type=\"text\" onblur=\"validate_input( 'rform-input-text-' , 'rform-input-err-' ,'178442554')\" aria-invalid=false data-val=\"by_char\"   >\r\n            <\/div>\r\n            <span role=\"alert\" class=\"rform-error\" id=\"rform-input-err-178442554\">This field is required<\/span>\r\n            <div class=\"rform-help-text\">\r\n                <span><\/span>\r\n            <\/div>\r\n        <\/div>\r\n\t\t\t\t<\/div>\n\t\t\t\t<\/div>\n\t\t\t\t<div class=\"elementor-element elementor-element-7523640 elementor-widget__width-inherit elementor-widget elementor-widget-text-area\" data-id=\"7523640\" data-element_type=\"widget\" data-e-type=\"widget\" data-widget_type=\"text-area.default\">\n\t\t\t\t<div class=\"elementor-widget-container\">\n\t\t\t\t\t        <div class=\"rform-container\">\r\n            <div class=\"rform-control \">\r\n                                <textarea name=\"rform-message \" placeholder=\"Message\" class=\"rform-input\" id=\"rform-input-textarea-122828352\" type=\"text\" onblur=\"validate_input( 'rform-input-textarea-' , 'rform-input-err-' ,'122828352')\" aria-invalid=false data-val=\"by_char\"   required><\/textarea>\r\n            <\/div>\r\n            <span role=\"alert\" class=\"rform-error\" id=\"rform-input-err-122828352\">This field is required<\/span>\r\n            <div class=\"rform-help-text\">\r\n                <span><\/span>\r\n            <\/div>\r\n        <\/div>\r\n\t\t\t\t<\/div>\n\t\t\t\t<\/div>\n\t\t\t\t<div class=\"elementor-element elementor-element-e4f8002 elementor-widget__width-inherit elementor-widget elementor-widget-rform_button_submit\" data-id=\"e4f8002\" data-element_type=\"widget\" data-e-type=\"widget\" data-widget_type=\"rform_button_submit.default\">\n\t\t\t\t<div class=\"elementor-widget-container\">\n\t\t\t\t\t        <div class=\"rform-button-container\">\r\n            <button class=\"rform-button-submit rform-btn-fullwidth\" type=\"button\" id=\"rform-button-submit\">\r\n                <div class=\"rform-btn-icon-container\">\r\n                    <i aria-hidden=\"true\" class=\"rform-btn-icon  arrow_carrot-right_alt2\"><\/i>                <\/div>\r\n                Send A Message            <\/button>\r\n        <\/div>\r\n\r\n\r\n\t\t\t\t<\/div>\n\t\t\t\t<\/div>\n\t\t\t\t<\/div>\n\t\t\t\t<\/div>\n\t\t<div class=\"elementor-element elementor-element-b9eb678 e-con-full e-flex e-con e-child\" data-id=\"b9eb678\" data-element_type=\"container\" data-e-type=\"container\">\n\t\t\t\t<div class=\"elementor-element elementor-element-2530b49 elementor-widget elementor-widget-heading\" data-id=\"2530b49\" data-element_type=\"widget\" data-e-type=\"widget\" data-widget_type=\"heading.default\">\n\t\t\t\t\t<h2 class=\"elementor-heading-title elementor-size-default\">\u0130leti\u015fim<\/h2>\t\t\t\t<\/div>\n\t\t\t\t<div class=\"elementor-element elementor-element-40c7a95 elementor-widget elementor-widget-heading\" data-id=\"40c7a95\" data-element_type=\"widget\" data-e-type=\"widget\" data-widget_type=\"heading.default\">\n\t\t\t\t\t<h3 class=\"elementor-heading-title elementor-size-default\">\u0130leti\u015fime Ge\u00e7iniz<\/h3>\t\t\t\t<\/div>\n\t\t\t\t<div class=\"elementor-element elementor-element-21b731f elementor-widget elementor-widget-text-editor\" data-id=\"21b731f\" data-element_type=\"widget\" data-e-type=\"widget\" data-widget_type=\"text-editor.default\">\n\t\t\t\t\t\t\t\t\t<p class=\"p1\">Mevcut ve g\u00fcncel projelerimiz i\u00e7in irtibatta olal\u0131m.<\/p>\t\t\t\t\t\t\t\t<\/div>\n\t\t\t\t<div class=\"elementor-element elementor-element-fdb8b53 elementor-widget elementor-widget-heading\" data-id=\"fdb8b53\" data-element_type=\"widget\" data-e-type=\"widget\" data-widget_type=\"heading.default\">\n\t\t\t\t\t<h4 class=\"elementor-heading-title elementor-size-default\">Contact Information.<\/h4>\t\t\t\t<\/div>\n\t\t\t\t<div class=\"elementor-element elementor-element-9ed6347 elementor-widget elementor-widget-heading\" data-id=\"9ed6347\" data-element_type=\"widget\" data-e-type=\"widget\" data-widget_type=\"heading.default\">\n\t\t\t\t\t<h5 class=\"elementor-heading-title elementor-size-default\">INDUSTRIA Fuarc\u0131l\u0131k ve Organizasyon Ltd. \u015eti.\u2028<\/h5>\t\t\t\t<\/div>\n\t\t\t\t<div class=\"elementor-element elementor-element-aed7085 elementor-widget elementor-widget-heading\" data-id=\"aed7085\" data-element_type=\"widget\" data-e-type=\"widget\" data-widget_type=\"heading.default\">\n\t\t\t\t\t<h4 class=\"elementor-heading-title elementor-size-default\">Adres: Cevizli Mah. Zuhal Cad. Ritim \u0130stanbul Sitesi A5 Blok No:46E\/179 P.K. 34846, Maltepe, \u0130stanbul, T\u00fcrkiye\n<\/h4>\t\t\t\t<\/div>\n\t\t\t\t<div class=\"elementor-element elementor-element-ee77443 elementor-widget elementor-widget-heading\" data-id=\"ee77443\" data-element_type=\"widget\" data-e-type=\"widget\" data-widget_type=\"heading.default\">\n\t\t\t\t\t<h5 class=\"elementor-heading-title elementor-size-default\">Telefon: +90 216 606 41 66 <br>E-Posta: info@industria.com.tr\n<\/h5>\t\t\t\t<\/div>\n\t\t\t\t<div class=\"elementor-element elementor-element-dff554c elementor-widget-divider--view-line elementor-widget elementor-widget-divider\" data-id=\"dff554c\" data-element_type=\"widget\" data-e-type=\"widget\" data-widget_type=\"divider.default\">\n\t\t\t\t\t\t\t<div class=\"elementor-divider\">\n\t\t\t<span class=\"elementor-divider-separator\">\n\t\t\t\t\t\t<\/span>\n\t\t<\/div>\n\t\t\t\t\t\t<\/div>\n\t\t\t\t<\/div>\n\t\t\t\t\t<\/div>\n\t\t\t\t<\/div>\n\t\t\t\t<\/div>\n\t\t\n    <div class=\"xs_social_share_widget xs_share_url after_content \t\tmain_content  wslu-style-1 wslu-share-box-shaped wslu-fill-colored wslu-none wslu-share-horizontal wslu-theme-font-no wslu-main_content\">\n\n\t\t\n        <ul>\n\t\t\t        <\/ul>\n    <\/div> \n","protected":false},"excerpt":{"rendered":"<p>\u0130leti\u015fim Ana syfa \/ \u0130leti\u015fime Ge\u00e7iniz Follow us on INDUSTRIA LinkedIn PRIVEXPO Linkedin Call us for all your questions today. This field is required This field is required This field is required This field is required This field is required Send A Message \u0130leti\u015fim \u0130leti\u015fime Ge\u00e7iniz Mevcut ve g\u00fcncel projelerimiz i\u00e7in irtibatta olal\u0131m. Contact Information. [&hellip;]<\/p>\n","protected":false},"author":1,"featured_media":0,"parent":0,"menu_order":0,"comment_status":"closed","ping_status":"closed","template":"elementor_header_footer","meta":{"postBodyCss":"","postBodyMargin":[],"postBodyPadding":[],"postBodyBackground":{"backgroundType":"classic","gradient":""},"footnotes":""},"class_list":["post-133","page","type-page","status-publish","hentry"],"_links":{"self":[{"href":"https:\/\/industria.com.tr\/index.php?rest_route=\/wp\/v2\/pages\/133","targetHints":{"allow":["GET"]}}],"collection":[{"href":"https:\/\/industria.com.tr\/index.php?rest_route=\/wp\/v2\/pages"}],"about":[{"href":"https:\/\/industria.com.tr\/index.php?rest_route=\/wp\/v2\/types\/page"}],"author":[{"embeddable":true,"href":"https:\/\/industria.com.tr\/index.php?rest_route=\/wp\/v2\/users\/1"}],"replies":[{"embeddable":true,"href":"https:\/\/industria.com.tr\/index.php?rest_route=%2Fwp%2Fv2%2Fcomments&post=133"}],"version-history":[{"count":13,"href":"https:\/\/industria.com.tr\/index.php?rest_route=\/wp\/v2\/pages\/133\/revisions"}],"predecessor-version":[{"id":180,"href":"https:\/\/industria.com.tr\/index.php?rest_route=\/wp\/v2\/pages\/133\/revisions\/180"}],"wp:attachment":[{"href":"https:\/\/industria.com.tr\/index.php?rest_route=%2Fwp%2Fv2%2Fmedia&parent=133"}],"curies":[{"name":"wp","href":"https:\/\/api.w.org\/{rel}","templated":true}]}}